etermine u(-1).
3
Let f(i) = i**2 + 9*i + 17. What is f(-8)?
9
Let v(r) = -2*r - 7. Give v(7).
-21
Let o(y) = y**2 - 15*y - 20. Calculate o(-2).
14
Let i(l) = 2*l**2 - 21*l - 6. Calculate i(10).
-16
Let y(u) = -4*u**2 - 4*u + 4. Give y(-3).
-20
Let i(w) = 2*w**3 + w**2 - 5*w - 3. What is i(-2)?
-5
Let i(v) = v**2 + 11*v + 7. Give i(-9).
-11
Let c(r) = 2*r + 1. Determine c(-1).
-1
Let u(y) = -y**3 - 17*y**2 - 29*y + 16. Calculate u(-15).
1
Let b(z) = 23*z**3 - 2*z**2 - z. Give b(-1).
-24
Let q(i) = i**2 + 15*i + 10. Give q(-14).
-4
Let j(i) = -i**3 - 9*i**2 - 12*i - 8. Determine j(-3).
-26
Let u(v) = -33*v + 17. Give u(-4).
149
Let b(n) = 3*n**2 + 23*n - 4. Calculate b(-10).
66
Let v(k) = 4*k**2 + 6*k - 13. Give v(5).
117
Let b(r) = 2*r**2 - 3*r + 1. What is b(4)?
21
Let t(r) = -r**2 + 5*r + 5. Calculate t(5).
5
Let c(j) = 42*j. What is c(-1)?
-42
Let r(w) = -w**2 + 21*w - 79. Calculate r(13).
25
Let l(u) = -u**3 - u**2 + u + 5. Determine l(0).
5
Let o(i) = -119*i + 470. Give o(4).
-6
Let b(x) = -4*x**2 + 7*x - 4. Determine b(4).
-40
Let n(t) = t**3 + 3*t**2 - 12. Give n(-4).
-28
Let q(p) = -3*p + 9. Calculate q(5).
-6
Let a(l) = -l + 10. Give a(11).
-1
Let p(a) = -2*a**3 - 61*a**2 + 31*a - 19. Determine p(-31).
-19
Let y(x) = x**3 - 2*x - 16. Calculate y(0).
-16
Let u(c) = -c**3 - 5*c**2 + 7*c. Give u(-6).
-6
Let f(n) = 2*n**2 - 85*n + 690. Give f(11).
-3
Let c(m) = -11*m - 75. What is c(-7)?
2
Let y(s) = -s**2 - 18*s - 74. Determine y(-12).
-2
Let a(n) = n**2 + 12*n + 16. Calculate a(-12).
16
Let k(i) = -8*i**2 - 40*i - 2. Determine k(-5).
-2
Let s(d) = 6*d**3 - 3*d**2 - 3*d - 2. Give s(-2).
-56
Let r(k) = k**3 - 20*k**2 - 2*k + 34. Determine r(20).
-6
Let p(q) = q**2 + 7*q - 1. What is p(-5)?
-11
Let c(x) = -4*x - 40. What is c(-11)?
4
Let d(u) = u**3 - 9*u**2 + 5*u + 9. What is d(4)?
-51
Let b(j) = 2*j**3 + j**2 - 4*j - 3. Give b(-2).
-7
Let x(o) = -87*o**2 + 7*o - 7. Determine x(1).
-87
Let v(c) = c**3 - 12*c**2 - 12*c. Calculate v(13).
13
Let g(r) = r**2 + 3*r - 14. Give g(-6).
4
Let n(g) = -g**3 + 4*g**2 - 3*g + 40. Give n(4).
28
Let d(x) = x**2 - 28*x + 46. Give d(26).
-6
Let r(l) = 3*l - 27. Calculate r(15).
18
Let s(f) = 11*f - 12. Calculate s(2).
10
Let a(n) = -2*n**2 + 16*n - 48. Calculate a(4).
-16
Let w(l) = -2*l**2 - 19*l + 8. Determine w(-10).
-2
Let l(i) = -2*i**2 - 11*i - 5. What is l(-5)?
0
Let k(o) = 4*o + 56. Calculate k(-13).
4
Let y(z) = -3*z + 1. Calculate y(8).
-23
Let b(h) = -h**3 - 7*h**2 + 21*h + 22. Determine b(-9).
-5
Let v(l) = -5*l + 14. Determine v(0).
14
Let q(s) = 2*s + 26. What is q(-11)?
4
Let s(k) = 21*k + 14. Determine s(-1).
-7
Let o(m) = -m**2 - 24*m - 17. Determine o(-12).
127
Let b(a) = a**3 - 6*a**2 + 6*a - 4. Calculate b(6).
32
Let t(a) = 2*a**2 - 27*a - 130. What is t(-4)?
10
Let p(s) = 10*s + 71. Give p(-7).
1
Let p(m) = 4*m**3 - 2*m**2 - 2*m + 2. Calculate p(-2).
-34
Let t(w) = -w**2 - 10*w + 20. Calculate t(-12).
-4
Let x(w) = -w**3 + 5*w**2 + 5*w - 4. Calculate x(5).
21
Let j(o) = -2*o**3 - 9*o**2 + 5*o - 8. Give j(-5).
-8
Let u(s) = -s**3 - 16*s**2 + 15*s + 247. Give u(-16).
7
Let u(b) = -2*b**2 + 3*b - 3. What is u(3)?
-12
Let a(r) = r**3 + 2*r**2 + r - 20. What is a(0)?
-20
Let y(r) = -r**3 + 12*r**2 - 12*r + 4. Give y(11).
-7
Let r(s) = s**3 - 3*s**2 + 8*s - 3. Calculate r(2).
9
Let r(x) = -2*x**3 + 17*x**2 + 11*x + 1. Determine r(9).
19
Let g(a) = -6*a + 4. Give g(-2).
16
Let m(f) = -2*f**3 - 18*f**2 + 2*f + 17. Give m(-9).
-1
Let t(u) = -4*u + 93. What is t(0)?
93
Let l(r) = r**3 - 10*r**2 - 28*r + 52. Determine l(12).
4
Let k(q) = -q**3 + q**2. Determine k(1).
0
Let n(t) = t**3 - 8*t**2 - 10*t + 4. Give n(9).
-5
Let p(z) = z**3 + 8*z**2 + 6*z. Calculate p(-7).
7
Let x(o) = 16*o - 19. Determine x(1).
-3
Let w(h) = -h**3 + 6*h**2 - 3*h + 1. Calculate w(3).
19
Let t(d) = 2*d**3 - 13*d**2 + 10*d + 27. Calculate t(4).
-13
Let t(a) = -3*a**2 + a + 9. Give t(4).
-35
Let r(l) = -15*l**2 + l + 5. Give r(-2).
-57
Let d(x) = -x**3 + 7*x**2 - 2*x + 3. What is d(7)?
-11
Let x(w) = -4*w + 10. Determine x(-8).
42
Let y(q) = -q**3 - 18*q**2 + q + 14. Calculate y(-18).
-4
Let v(s) = 3*s - 102. Give v(33).
-3
Let u(v) = 2*v + 33. Give u(-15).
3
Let o(n) = n**3 + 4*n**2 + 3*n + 5. Give o(-3).
5
Let b(h) = 3*h - 40. Calculate b(16).
8
Let b(r) = -r - 9. What is b(-8)?
-1
Let m(x) = -x**2 - 7*x - 14. Determine m(-6).
-8
Let t(n) = -n + 17. What is t(16)?
1
Let d(w) = 52*w**2 + 5*w + 3. Calculate d(-1).
50
Let i(a) = -a**2 + 7*a - 7. Determine i(3).
5
Let p(n) = n**3 - 11*n**2 + 7*n + 26. Determine p(10).
-4
Let a(q) = q**3 + 3*q**2 - 4*q + 6. What is a(-5)?
-24
Let g(i) = 53*i - 368. What is g(7)?
3
Let n(y) = y**2 + 17*y + 10. Calculate n(0).
10
Let q(y) = y**3 + 15*y**2 + 4*y + 58. What is q(-15)?
-2
Let u(i) = i - 79. What is u(55)?
-24
Let b(x) = x**3 + 4*x**2 + 6. Calculate b(-5).
-19
Let q(m) = 3*m**2 + 23*m - 4. Determine q(-9).
32
Let a(w) = -w**2 + 20*w - 112. Calculate a(10).
-12
Let a(f) = f**3 + 5*f**2 + 4*f + 8. Give a(-5).
-12
Let k(r) = -3*r**2 + r + 13. What is k(0)?
13
Let g(v) = v**3 - 6*v + 5. What is g(4)?
45
Let a(y) = y**2 - 4*y + 4. What is a(3)?
1
Let r(m) = 2*m + 7. What is r(-1)?
5
Let v(i) = -10*i - 93. Determine v(-9).
-3
Let p(o) = 2*o**2 + 3*o - 7. What is p(0)?
-7
Let p(x) = -x**2 - 11*x + 39. Give p(-16).
-41
Let g(d) = 15*d**3 + d**2 + 2*d - 2. Calculate g(1).
16
Let s(i) = i**2 - 7*i + 9. Calculate s(6).
3
Let h(m) = 5*m + 7. Determine h(-5).
-18
Let r(p) = -p**3 - 14*p**2 - 15*p - 19. Give r(-13).
7
Let x(l) = -42*l**3 + l**2 + l. Determine x(-1).
42
Let x(b) = -b**2 - 16*b + 57. Calculate x(-19).
0
Let w(c) = c**2 - 7*c + 1. Give w(5).
-9
Let a(m) = -m**2 + 4. Give a(-4).
-12
Let f(r) = -2*r - 51. Calculate f(-25).
-1
Let x(f) = f - 3. What is x(-8)?
-11
Let l(c) = 2*c + 2. Give l(3).
8
Let i(z) = z**3 + 12*z**2 + 24*z + 14. Determine i(-10).
-26
Let z(y) = y**2 + 12*y + 14. Give z(-9).
-13
Let r(o) = o**3 + 23*o**2 - 9*o - 43. Calculate r(-23).
164
Let y(i) = i**3 + 37*i**2 + 34*i - 70. Calculate y(-36).
2
Let d(c) = 2*c + 22. Determine d(-11).
0
Let i(s) = -29*s. Determine i(0).
0
Let s(z) = -2*z**3 + 4*z**2 + z - 10. Calculate s(3).
-25
Let b(c) = c**3 - 4*c**2 + 3*c - 2. Give b(4).
10
Let o(v) = -2*v**2 + 2. What is o(-7)?
-96
Let q(x) = 4*x**3 + x**2 - x - 1. Determine q(-1).
-3
Let a(o) = -o**2 + 9*o + 3. Calculate a(9).
3
Let x(n) = 2*n + 7. What is x(-4)?
-1
Let d(g) = -g**2 + 2*g + 13. What is d(5)?
-2
Let y(p) = -p**3 + 6*p**2 - 11*p + 33. Give y(5).
3
Let g(m) = -m**2 + 8*m - 16. What is g(8)?
-16
Let d(i) = -3*i + 3. Give d(3).
-6
Let m(y) = y**2 + 9*y + 16. Give m(-5).
-4
Let d(n) = n**3 - 4*n**2 + 5*n - 8. Determine d(4).
12
Let m(x) = -x - 14. Calculate m(-5).
-9
Let q(i) = 5*i**2 - 21*i - 6. Determine q(5).
14
Let c(z) = 70*z - 3. Give c(-2).
-143
Let l(k) = -5*k + 22. Calculate l(7).
-13
Let v(h) = 5*h**2 - 3*h - 11. Calculate v(-2).
15
Let p(s) = 12*s + 1. What is p(1)?
13
Let w(f) = -f**2 - 12*f + 68. Determine w(-16).
4
Let t(a) = a**3 - 7*a**2 + 8*a + 5. What is t(3)?
-7
Let r(t) = -52*t - 116. Give r(-2).
-12
Let m(k) = k**2 - k - 21. Give m(-9).
69
Let j(u) = -u**3 - 14*u**2 + 17*u + 40. Calculate j(-15).
10
Let r(t) = -t**3 - 4*t**2 + t - 3. Give r(-5).
17
Let z(y) = -7*y + 29. Give z(5).
-6
Let y(l) = l**2 - 9*l + 18. Calculate y(7).
4
Let w(a) = a**2 + 3*a + 1. Calculate w(4).
29
Let q(i) = i**2 - 11*i - 7. Determine q(11).
-7
Let r(x) = -4*x - 17. Calculate r(-3).
-5
Let q(z) = z**3 + z**2 - z + 6. Give q(0).
6
Let z(u) = 2*u**2 - 10*u - 4. What is z(6)?
8
Let x(w) = 7*w**3 + 3*w**2 + 10*w + 9. Calculate x(-1).
-5
Let k(u) = -3*u**2 - 7*u + 6. Give k(-6).
-60
Let l(i) = -2*i**2 + 5*i + 37. Determine l(6).
-5
Let g(y) = -y + 15. What is g(0)?
15
Let u(m) = m + 59. Determine u(-7).
52
Let j(k) = -84*k**2 + 8*k - 8. Determine j(1).
-84
Let z(j) = -14*j - 145. What is z(-10)?
-5
Let v(t) = 3*t**3 - 16*t**2 - 14*t + 11. Determine v(6).
-1
Let i(a) = -a**3 - 34*a**2 - 66*a - 57. Give i(-32).
7
Let w(q) = q - 15. Determine w(12).
-3
Let d(s) = s**2 + 13*s - 32. What is d(-17)?
36
Let l(u) = -5*u**3 - 4*u**2 - 2*u + 3. Determine l(-2).
31
Let g(u) = -47*u - 7. What is g(1)?
-54
Let f(h) = -3*h**2 - 21*h - 89. Calculate f(-5).
-59
Let i(h) = -34*h**2 